ulate 20 + 19 - (-71 - -80).
30
What is (-3 - 3) + 8 - (-2 - 2) - (49 - 66)?
23
What is the value of 0 - ((-16 + 2 - -33) + 20)?
-39
Evaluate -9 - (-11 - (-14 + 4)) - (-71 - -3).
60
What is 717 + -737 + 1 + -4 + -18 + 84?
43
What is -97 + -7 - (-25 - (0 + 6))?
-73
What is the value of 10 + -35 - -33 - (-3 + (50 - 2))?
-37
14 - (99 + (13 - (-3 - 5) - 0 - 10))
-96
Evaluate -12 - ((-1 + 11 - (-11 - (5 + -21))) + -99).
82
4 + -1 + 16 - (77 + -86)
28
What is the value of 0 + -58 + (-16 - -25 - (-19 - -6))?
-36
Evaluate -15 - (-40 + 25) - (34 - 17).
-17
68 + -74 + 5 + (67 + 5 + -3 - 3)
65
5 - 48 - (3 + 14 - -13)
-73
What is -199 + 199 - (-12 - -1) - 42?
-31
Evaluate 13 - (13 - (-85 + 93)).
8
34 - 2 - (1181 + -1145) - 91
-95
Calculate -87 - (-169 - (52 + -125)).
9
((-2 - 8) + 5 - -10 - 7) + 34
32
What is -4 + (57 - ((21 - (16 + 0)) + 1 + -3))?
50
Evaluate -1406 - -1403 - (1 - 3).
-1
(38 - (2 + 0)) + 41 + -91 + 51
37
62 + 63 + (-1 + -8 - (-6 + -14 + 19))
117
Evaluate 24 - (-37 + (-61 - -96)).
26
Evaluate (46 - -62) + -64 + 3.
47
25 + (-3 - (-25 - (-15 - 5)))
27
Calculate 15 + 1 - (2 - -103 - 44).
-45
Calculate (0 - (0 - -2)) + 398 + -351.
45
What is the value of 21 - (48 + 25 + -60)?
8
What is -39 - ((-27 - (-3 + 1 + 2 + -14)) + 25)?
-51
23 + -3 + -4 + 8 + (102 - 111)
15
-32 - (-6 + (19 - (11 - -23)))
-11
Evaluate (-18 + 14 - -15) + 39 + 8 - -15.
73
What is the value of -78 + (3 + -5 - (4 - 18)) + -9?
-75
Calculate (28 - (5 - -19) - (-8 - 0)) + (-12 - -3).
3
Evaluate (-46 + 22 - -51) + -50.
-23
27 - 108 - (-6 + -24)
-51
Evaluate 28 + -25 + 29 + -3 + -5.
24
Calculate -8 - (-11 + -21 - -65).
-41
What is -1 - (0 + -2 + -11) - (-23 - (-164 - -90))?
-39
What is 3 + -93 + -2165 + 2148?
-107
What is -11 + -1 + (-6 - -3) + (-32 - -12)?
-35
Calculate 29 + (0 - -14) + (-22 - -19).
40
What is -21 - ((-24 - -13) + -80 + 88)?
-18
(-3 - -17) + -3 - (-3 + 36 + -11) - 5
-16
What is 45 - (-2 + 1 - -2) - (241 - (-151 + 377))?
29
Calculate 0 - 0 - (179 + -237 + 19).
39
Calculate -42 + ((7 - (6 - 1)) + 5 - (38 - 28)).
-45
Evaluate -5 - -11 - 33 - ((63 - 20) + -55).
-15
(-28 + 15 + 7 - (17 + -25)) + 11
13
Calculate -7 + 9 - (-31 + 26 + -25).
32
-56 + (22 + (-2 - -17) - 24)
-43
Evaluate (104 - 110) + (5 - 1) + -6.
-8
What is the value of (-31 + 22 - 2 - (9 + -4 - 12)) + 108?
104
-25 + 52 + (48 - 118)
-43
2 - (-10 + (13 + -19 - (7 + -27)))
-2
Calculate (28 - (-47 - -82)) + 17 + 148.
158
Evaluate 16 - (-14 + (14 + 15 - -10)).
-9
Evaluate 5 - (-83 + 91 - (-20 + -4)).
-27
Calculate (-5 - (-1 - -3 - (18 - 25))) + (146 - 2).
130
What is -30 - ((2 - 32) + -898 + 927)?
-29
What is the value of 11 + -4 + 4 + (-15 + 12 - -45)?
53
What is 17 + 5 - (32 - 22) - (-10 - -1)?
21
What is the value of -3 - -4 - (101 + -91)?
-9
Evaluate 0 - (-11 + (-71 + 78 - (19 - 2))).
21
12 + 22 + -15 + (-5 - 2) + 3
15
What is the value of -112 - -3 - 4 - (-23 - (-14 - (-5 - -8)))?
-107
Calculate 56 + 0 + (3 + -20 - -11) + 15 + -4.
61
(-1 - 7 - 3) + (33 + -88 - -81)
15
What is the value of (-6 - 92) + 0 - ((-12 - -1) + 40 + -15)?
-112
-40 + 2 - (-1 - (0 + -3)) - (622 - 625)
-37
What is the value of -1 + -1 - (-11 - 1) - (1222 + -1224)?
12
Evaluate 129 - 51 - (11 + (-10 + -3 - 18)).
98
What is 54 - (-14 + 2 + 17 + -1) - (-2 + -9)?
61
Evaluate 29 + (-20 - (-48 + 23)).
34
Calculate -9 - (0 - -2) - (-222 + 205) - 78.
-72
What is the value of 40 - ((-232 - -233) + (-5 - (-2 + 3)) + 1)?
44
What is -27 - -6 - (188 + -246)?
37
What is 24 + -66 + 24 + (7 - -15)?
4
What is the value of -14 + (-115 - (5 + -31) - -9) + (-10 - 1)?
-105
Calculate -9 - (0 - 7 - (-23 - (-32 - 8)) - -7).
8
Calculate -11 + 4 + -512 + 533.
14
Calculate -182 + 184 + 1 + -3 + -4 + -70.
-74
Evaluate (11 + -5 + -19 - -6) + (2 - (-59 - -7)).
47
129 - (2 + (-14 - -74))
67
Calculate -45 + (-49 - (39 + -128)) - -12.
7
Calculate -34 + (-4 - -19) + -7 - ((10 - 11) + 7).
-32
-36 - ((-2 - -30) + -54) - -1
-9
(-5 - (-51 - -37)) + 165 - 39
135
Calculate (-102 - -1) + 3029 + -3007.
-79
(25 + 16 + -18 - 21) + -12
-10
What is the value of (-9 + 15 - (3 - 4 - 13)) + -7?
13
What is 90 + (413 - 364) + (1 - 4)?
136
(92 - 80) + (7 - 4 - (-6 - 4) - -2)
27
(-7 + 26 - (20 - -4)) + (-3 - 62)
-70
Evaluate (-30 - (-20 + 4 + 11)) + -47.
-72
Calculate -74 - ((-19 - (-28 - -9)) + (3 - -18)).
-95
0 + 0 - (-2 + 9 + 14 + -57)
36
Evaluate -11 - (17 - 14) - (52 + -25).
-41
-34 - (33 - 44 - 16)
-7
-24 - (23 + -41 + 10) - (10 + -3 + 1)
-24
Calculate -20 - -23 - -24 - 4 - -8.
31
Calculate 11 - (7 + 3 - 7) - (-7 - (-23 + 7)).
-1
-93 + -2 + (38 - -27)
-30
What is 0 + 0 + (-1 - -3) + (-159 - (-106 - 7))?
-44
Evaluate (-28 - -54 - (0 - -12)) + 5.
19
What is (-1 - -65) + (-2135 - -2073)?
2
Calculate (-1 + -16 + 5 - 17) + -1.
-30
Evaluate (2 - -37) + (87 - 79) + -1 + -19.
27
Calculate (-39 - ((6 + -12 - 4) + -12 + 15)) + -5.
-37
What is the value of -188 - (-94 - (-9 - 2))?
-105
Evaluate -9 + -33 + 35 - (-1 - 1 - -2).
-7
16 + (-13 - 28) + -30 - (2 - 23)
-34
Calculate -89 - (-11 - -5 - (-14 - ((-14 - 8) + 20))).
-95
Calculate -34 + 41 + 66 + (-16 - 3).
54
What is the value of -67 + 4 + (-31 - -58) + -13?
-49
-119 - -57 - (-191 - -39)
90
-362 + 325 + 112 + -13 + 3
65
21 + (29 + -7 - 29) + -66
-52
(34 - -61) + (4 - (10 - -6)) - -2
85
Calculate (182 - (110 + 49)) + -178.
-155
Evaluate -1 + -38 + (-2833 - -2970).
98
Evaluate (10 + 25 - 23) + -31.
-19
Calculate 4 + -17 - ((-36 - (-15 - 10)) + -85).
83
What is the value of 121 + (1 - -25) + -58 - 18?
71
79 + 59 + -154 + -53
-69
What is the value of (1 + -1 - 2) + (-19 - (-66 + 7 + -12))?
50
(0 + 5 - (89 + -2 + -647 + 614)) + -16
-65
6 - 2 - (-4 + (7 - (14 - -1)))
16
What is -22 + -6 + (4 - (2 - 1)) + 9 + -10?
-26
Calculate 535 + -599 - (3 + -4 + (-3 + 1 - -6)).
-67
What is 205 + (-226 - -138) + 4?
121
What is (428 - 522) + (4 - (-2 + (5 - 8)))?
-85
-28 + 0 - (62 - 101) - (-23 - -2)
32
-5 + 8 - (-290 - -297 - (5 - (1 - 3)))
3
(18 - -54 - 14) + -107
-49
(-1 - 20) + (-6 + (-15 - -43) - 30) + 9
-20
What is 56 - 29 - (-46 + 41 - (-1 - 9))?
22
-12 - (-31 + -53 + 14 - ((0 - 11) + 2))
49
What is the value of 303 - 326 - (-142 + -6 + 6) - (-1 + 2)?
118
Calculate -40 + (-30 - (-82 + 33)).
-21
154 - 10 - 49 - 9
86
What is -28 + -82 - -109 - (36 - 0)?
-37
What is 102 - (-31 - (-9 - (-15 - -26)) - -19)?
94
What is the value of -48 + (0 - -37) + (95 - 120)?
-36
-1157 + 1157 - (-1 + 1)
0
Calculate 11 + (-8 + 1 + -87 - (-27 - -20)) + 10.
-66
16 + -1 + (-16 - 13) + 25
11
What is the value of 44 - (24 + (-32 - (-1 + -15)) - 4)?
40
(1 - -32 - (18 - 4 - -1)) + -84
-66
What is the value of -22 + 41 + -7 - ((-4 - -2) + -34)?
48
3 + (1 - 26) + (-696 - -699)
-19
What is the value of 2 + -5 + 2 + -8 + (-141 - -119)?
-31
74 + -89 - (10 + -7 - 7)
-11
-640 + 630 - ((-2 - -2) + (3 - 7) - 4)
-2
Evaluate 3 + -2 - -5 - (9 + -6 - -60).
-57
Evaluate -15 + -13 + -12 + (-423 - -420).
-43
What is the value of (118 - 78) + -11 - 30?
-1
What is the value of 8 + 25 - (-1 - (2 - 1 - 14))?
21
What is the value of -68 + (45 - (82 + -53))?
-52
Evaluate -7 + (9 - 0) - 5 - (-21 - -28).
-10
(12 - 4) + 1 + (-69 + -6 - -48)
-18
Calculate -149 + (-12 + (-10 - -10) - -24).
-137
What is (-73 - (38 + -85)) + 8?
-18
What is the value of (-1 - 25) + -3322 + 3323?
-25
Calculate 11 + 1 + ((11 - 2) + -2 - (-26 - 60)).
105
Evaluate 157 + -225 + (4 - -126).
62
Evaluate -110 + 69 - (10 + 0 + -2).
-49
What is the value of 126 - (-105 - (1 + -93))?
139
Calculate (3 - (-7 + -7) - -5) + (606 - 673).
-45
What is -26 - (-21 + (-23 - -50)) - -57?
25
What is 0 + -421 + 404 + (2 - (-9 + 0))?
-6
Calculate 59 + -59 + -6 + 5 + 1 + -8.
-8
What is the value of -12 - ((12 - (-21 - -44)) + (15 - (-9 - -6)))?
-19
23 + -15 - (53 - (-15 + 15))
-45
Evaluate -9 - -66 - (-126 + 124 + 1 + 8).
50
Calculate 12 + (1 - 0) + -11 + 8 + -1852 + 1845.
3
What is (-6 - -2 - (-1 + 18)) + (58 - 7)?
30
Evaluate 3 + -43 + (-1335 - -1317).
-58
Evaluate 103 + -23 + -50 + 0 + -52.
-22
What is the value of -28 + -7 + (-156 - -151)?
-40
(30 - (-55 + 101)) + 40
24
Calculate (-67 - -76) + (-9 + -3 - 0) + 29.
26
What is 21 + (-64 - -74) - 77?
-46
What is the value of 56 - (-16 + (-39 - -33))?
78
Evaluate 37 + (4 - (1 - -10 - 1 - (-288 - -301))).
44
-7 + -3 + 25 + 82 + -9 + 5
93
Evaluate 11 + -195 + 195 - (0 + -19 + 0 - -1).
29
What is the v